{"id":31034,"date":"2022-06-22T01:02:51","date_gmt":"2022-06-22T01:02:51","guid":{"rendered":"https:\/\/humbrall.com\/inicio\/?page_id=31034"},"modified":"2023-03-13T08:00:53","modified_gmt":"2023-03-13T08:00:53","slug":"politica-de-calidad","status":"publish","type":"page","link":"https:\/\/www.humbrall.com\/inicio\/index.php\/politica-de-calidad\/","title":{"rendered":"Pol\u00edtica de Calidad"},"content":{"rendered":"<p>[et_pb_section fb_built=\u00bb1&#8243; _builder_version=\u00bb4.9.2&#8243; _module_preset=\u00bbdefault\u00bb background_color_gradient_start=\u00bb#033a00&#8243; background_color_gradient_end=\u00bb#36ba1f\u00bb background_color_gradient_direction=\u00bb135deg\u00bb transform_scale=\u00bb125%|125%\u00bb width=\u00bb100%\u00bb width_tablet=\u00bb\u00bb width_phone=\u00bb100%\u00bb width_last_edited=\u00bbon|phone\u00bb max_width=\u00bb100%\u00bb max_width_tablet=\u00bb\u00bb max_width_phone=\u00bb\u00bb max_width_last_edited=\u00bbon|phone\u00bb height=\u00bb192px\u00bb custom_margin=\u00bb-35px||||false|false\u00bb bottom_divider_style=\u00bbasymmetric4&#8243; bottom_divider_color=\u00bb#FFFFFF\u00bb bottom_divider_flip=\u00bbhorizontal\u00bb bottom_divider_style_tablet=\u00bb\u00bb bottom_divider_style_phone=\u00bb\u00bb bottom_divider_style_last_edited=\u00bbon|desktop\u00bb bottom_divider_color_tablet=\u00bb\u00bb bottom_divider_color_phone=\u00bb\u00bb bottom_divider_color_last_edited=\u00bbon|phone\u00bb background_color_gradient_start_phone=\u00bb#033a00&#8243; background_color_gradient_end_phone=\u00bb#36ba1f\u00bb][et_pb_row _builder_version=\u00bb4.9.2&#8243; _module_preset=\u00bbdefault\u00bb background_last_edited=\u00bbon|phone\u00bb][et_pb_column type=\u00bb4_4&#8243; _builder_version=\u00bb4.9.2&#8243; _module_preset=\u00bbdefault\u00bb][et_pb_text content_tablet=\u00bb<\/p>\n<h2 style=%22text-align: left;%22><span style=%22color: #ffffff;%22><strong>    Pol\u00edtica de Calidad<\/strong><\/span><\/h2>\n<p>\u00bb content_phone=\u00bb<\/p>\n<h2 style=%22text-align: left;%22><span style=%22color: #ffffff;%22><strong>    Pol\u00edtica de Calidad<\/strong><\/span><\/h2>\n<p>\u00bb content_last_edited=\u00bbon|phone\u00bb _builder_version=\u00bb4.9.2&#8243; _module_preset=\u00bbdefault\u00bb custom_margin=\u00bb10px||||false|false\u00bb custom_margin_tablet=\u00bb\u00bb custom_margin_phone=\u00bb|||10px|false|false\u00bb custom_margin_last_edited=\u00bbon|phone\u00bb]<\/p>\n<h2 style=\"text-align: left;\"><span style=\"color: #ffffff;\"><strong>\u00a0 \u00a0 Pol\u00edtica de Calidad<\/strong><\/span><\/h2>\n<p>[\/et_pb_text][\/et_pb_column][\/et_pb_row][\/et_pb_section][et_pb_section fb_built=\u00bb1&#8243; _builder_version=\u00bb4.9.2&#8243; _module_preset=\u00bbdefault\u00bb use_background_color_gradient=\u00bboff\u00bb min_height=\u00bb575px\u00bb height=\u00bb572px\u00bb custom_margin=\u00bb23px|||||\u00bb custom_padding=\u00bb||||false|false\u00bb hover_enabled=\u00bb0&#8243; use_background_color_gradient_tablet=\u00bboff\u00bb use_background_color_gradient_phone=\u00bboff\u00bb custom_margin_last_edited=\u00bbon|phone\u00bb sticky_enabled=\u00bb0&#8243; custom_margin_phone=\u00bb||650px||false|false\u00bb][et_pb_row _builder_version=\u00bb4.9.2&#8243; _module_preset=\u00bbdefault\u00bb hover_enabled=\u00bb0&#8243; locked=\u00bboff\u00bb custom_margin_last_edited=\u00bbon|phone\u00bb custom_margin=\u00bb-12px||||false|false\u00bb sticky_enabled=\u00bb0&#8243; custom_margin_phone=\u00bb-40px||||false|false\u00bb][et_pb_column type=\u00bb4_4&#8243; _builder_version=\u00bb4.9.2&#8243; _module_preset=\u00bbdefault\u00bb][et_pb_text content_tablet=\u00bb<\/p>\n<p>La Alta Direcci\u00f3n de <strong>Humbrall S.A. de C.V.<\/strong> es consiente del compromiso que representa dise\u00f1ar, fabricar y comercializar productos y servicios metalmec\u00e1nicos que contribuyan al desempe\u00f1o  \u00f3ptimo  en soluciones para la industria de vanguardia.<\/p>\n<p><strong>Humbrall S.A. de C.V.<\/strong> es considerada una organizaci\u00f3n de referencia en los productos y servicios que fabricamos y por ello aplica la gesti\u00f3n basada en la excelencia, innovaci\u00f3n y mejora continua como valores corporativos.<\/p>\n<p>Desarrolla un modelo de gesti\u00f3n que aporta valor a la organizaci\u00f3n actuando en las siguientes l\u00edneas:<\/p>\n<ol>\n<li>Asegura que los productos y servicios cumplen con la satisfacci\u00f3n exigida por nuestros clientes externos a trav\u00e9s de un servicio postventa.<\/li>\n<li>Profundiza en el conocimiento de las necesidades y expectativas de nuestros clientes estableciendo nuestros planes, estrategias y objetivos alineados a las necesidades.<\/li>\n<li>Asegura el cumplimiento de los compromisos legales y gubernamentales para el funcionamiento de la organizaci\u00f3n.<\/li>\n<li>Optimiza el funcionamiento de los procesos internos y externos a trav\u00e9s de la calidad y la eficacia.<\/li>\n<li>Promueve un entorno positivo de desarrollo, participaci\u00f3n y de formaci\u00f3n con nuestros l\u00edderes de proceso.<\/li>\n<li>Colabora con organizaciones en aras de mejorar los productos y servicios.<\/li>\n<li>Asegura que esta pol\u00edtica es difundida, entendida y aceptada por la Organizaci\u00f3n, con el fin  que contribuya al logro de los objetivos de calidad.<\/li>\n<\/ol>\n<p>REV. 01<\/p>\n<p>FECHA: 01-12- 2022<\/p>\n<p>\u00bb content_phone=\u00bb<\/p>\n<p>La Alta Direcci\u00f3n de <strong>Humbrall S.A. de C.V.<\/strong> es consiente del compromiso que representa dise\u00f1ar, fabricar y comercializar productos y servicios metalmec\u00e1nicos que contribuyan al desempe\u00f1o  \u00f3ptimo  en soluciones para la industria de vanguardia.<\/p>\n<p><strong>Humbrall S.A. de C.V.<\/strong> es considerada una organizaci\u00f3n de referencia en los productos y servicios que fabricamos y por ello aplica la gesti\u00f3n basada en la excelencia, innovaci\u00f3n y mejora continua como valores corporativos.<\/p>\n<p>Desarrolla un modelo de gesti\u00f3n que aporta valor a la organizaci\u00f3n actuando en las siguientes l\u00edneas:<\/p>\n<ol>\n<li>Asegura que los productos y servicios cumplen con la satisfacci\u00f3n exigida por nuestros clientes externos a trav\u00e9s de un servicio postventa.<\/li>\n<li>Profundiza en el conocimiento de las necesidades y expectativas de nuestros clientes estableciendo nuestros planes, estrategias y objetivos alineados a las necesidades.<\/li>\n<li>Asegura el cumplimiento de los compromisos legales y gubernamentales para el funcionamiento de la organizaci\u00f3n.<\/li>\n<li>Optimiza el funcionamiento de los procesos internos y externos a trav\u00e9s de la calidad y la eficacia.<\/li>\n<li>Promueve un entorno positivo de desarrollo, participaci\u00f3n y de formaci\u00f3n con nuestros l\u00edderes de proceso.<\/li>\n<li>Colabora con organizaciones en aras de mejorar los productos y servicios.<\/li>\n<li>Asegura que esta pol\u00edtica es difundida, entendida y aceptada por la Organizaci\u00f3n, con el fin  que contribuya al logro de los objetivos de calidad.<\/li>\n<\/ol>\n<p>REV. 01<\/p>\n<p>FECHA: 01-12- 2022<\/p>\n<p>\u00bb content_last_edited=\u00bbon|phone\u00bb _builder_version=\u00bb4.9.2&#8243; _module_preset=\u00bbdefault\u00bb]<\/p>\n<p style=\"text-align: justify;\">La Alta Direcci\u00f3n de <strong>Humbrall S.A. de C.V.<\/strong> es consiente del compromiso que representa dise\u00f1ar, fabricar y comercializar productos y servicios metalmec\u00e1nicos que contribuyan al desempe\u00f1o\u00a0 \u00f3ptimo\u00a0 en soluciones para la industria de vanguardia.<\/p>\n<p style=\"text-align: justify;\"><strong>Humbrall S.A. de C.V.<\/strong> es considerada una organizaci\u00f3n de referencia en los productos y servicios que fabricamos y por ello aplica la gesti\u00f3n basada en la excelencia, innovaci\u00f3n y mejora continua como valores corporativos.<\/p>\n<p style=\"text-align: justify;\">Desarrolla un modelo de gesti\u00f3n que aporta valor a la organizaci\u00f3n actuando en las siguientes l\u00edneas:<\/p>\n<ol style=\"text-align: justify;\">\n<li>Asegura que los productos y servicios cumplen con la satisfacci\u00f3n exigida por nuestros clientes externos a trav\u00e9s de un servicio postventa.<\/li>\n<li>Profundiza en el conocimiento de las necesidades y expectativas de nuestros clientes estableciendo nuestros planes, estrategias y objetivos alineados a las necesidades.<\/li>\n<li>Asegura el cumplimiento de los compromisos legales y gubernamentales para el funcionamiento de la organizaci\u00f3n.<\/li>\n<li>Optimiza el funcionamiento de los procesos internos y externos a trav\u00e9s de la calidad y la eficacia.<\/li>\n<li>Promueve un entorno positivo de desarrollo, participaci\u00f3n y de formaci\u00f3n con nuestros l\u00edderes de proceso.<\/li>\n<li>Colabora con organizaciones en aras de mejorar los productos y servicios.<\/li>\n<li>Asegura que esta pol\u00edtica es difundida, entendida y aceptada por la Organizaci\u00f3n, con el fin\u00a0 que contribuya al logro de los objetivos de calidad.<\/li>\n<\/ol>\n<p>REV. 01<\/p>\n<p style=\"text-align: justify;\">FECHA: 01-12- 2022<\/p>\n<p>[\/et_pb_text][\/et_pb_column][\/et_pb_row][\/et_pb_section]<\/p>\n","protected":false},"excerpt":{"rendered":"<p>\u00a0 \u00a0 Pol\u00edtica de CalidadLa Alta Direcci\u00f3n de Humbrall S.A. de C.V. es consiente del compromiso que representa dise\u00f1ar, fabricar y comercializar productos y servicios metalmec\u00e1nicos que contribuyan al desempe\u00f1o\u00a0 \u00f3ptimo\u00a0 en soluciones para la industria de vanguardia. Humbrall S.A. de C.V. es considerada una organizaci\u00f3n de referencia en los productos y servicios que fabricamos [&hellip;]<\/p>\n","protected":false},"author":2,"featured_media":0,"parent":0,"menu_order":0,"comment_status":"closed","ping_status":"closed","template":"","meta":{"_et_pb_use_builder":"on","_et_pb_old_content":"","_et_gb_content_width":""},"yoast_head":"<!-- This site is optimized with the Yoast SEO plugin v20.5 - https:\/\/yoast.com\/wordpress\/plugins\/seo\/ -->\r\n<title>Pol\u00edtica de Calidad - Humbrall<\/title>\r\n<meta name=\"description\" content=\"Somos considerados una organizaci\u00f3n de referencia en los productos y servicios que fabricamos con excelencia, innovaci\u00f3n y mejora continua\" \/>\r\n<meta name=\"robots\" content=\"index, follow, max-snippet:-1, max-image-preview:large, max-video-preview:-1\" \/>\r\n<link rel=\"canonical\" href=\"https:\/\/www.humbrall.com\/inicio\/index.php\/politica-de-calidad\/\" \/>\r\n<meta property=\"og:locale\" content=\"es_ES\" \/>\r\n<meta property=\"og:type\" content=\"article\" \/>\r\n<meta property=\"og:title\" content=\"Pol\u00edtica de Calidad - Humbrall\" \/>\r\n<meta property=\"og:description\" content=\"Somos considerados una organizaci\u00f3n de referencia en los productos y servicios que fabricamos con excelencia, innovaci\u00f3n y mejora continua\" \/>\r\n<meta property=\"og:url\" content=\"https:\/\/www.humbrall.com\/inicio\/index.php\/politica-de-calidad\/\" \/>\r\n<meta property=\"og:site_name\" content=\"Humbrall\" \/>\r\n<meta property=\"article:modified_time\" content=\"2023-03-13T08:00:53+00:00\" \/>\r\n<meta name=\"twitter:card\" content=\"summary_large_image\" \/>\r\n<meta name=\"twitter:label1\" content=\"Tiempo de lectura\" \/>\n\t<meta name=\"twitter:data1\" content=\"4 minutos\" \/>\r\n<script type=\"application\/ld+json\" class=\"yoast-schema-graph\">{\"@context\":\"https:\/\/schema.org\",\"@graph\":[{\"@type\":\"WebPage\",\"@id\":\"https:\/\/www.humbrall.com\/inicio\/index.php\/politica-de-calidad\/\",\"url\":\"https:\/\/www.humbrall.com\/inicio\/index.php\/politica-de-calidad\/\",\"name\":\"Pol\u00edtica de Calidad - Humbrall\",\"isPartOf\":{\"@id\":\"https:\/\/www.humbrall.com\/inicio\/#website\"},\"datePublished\":\"2022-06-22T01:02:51+00:00\",\"dateModified\":\"2023-03-13T08:00:53+00:00\",\"description\":\"Somos considerados una organizaci\u00f3n de referencia en los productos y servicios que fabricamos con excelencia, innovaci\u00f3n y mejora continua\",\"breadcrumb\":{\"@id\":\"https:\/\/www.humbrall.com\/inicio\/index.php\/politica-de-calidad\/#breadcrumb\"},\"inLanguage\":\"es\",\"potentialAction\":[{\"@type\":\"ReadAction\",\"target\":[\"https:\/\/www.humbrall.com\/inicio\/index.php\/politica-de-calidad\/\"]}]},{\"@type\":\"BreadcrumbList\",\"@id\":\"https:\/\/www.humbrall.com\/inicio\/index.php\/politica-de-calidad\/#breadcrumb\",\"itemListElement\":[{\"@type\":\"ListItem\",\"position\":1,\"name\":\"Portada\",\"item\":\"https:\/\/www.humbrall.com\/inicio\/\"},{\"@type\":\"ListItem\",\"position\":2,\"name\":\"Pol\u00edtica de Calidad\"}]},{\"@type\":\"WebSite\",\"@id\":\"https:\/\/www.humbrall.com\/inicio\/#website\",\"url\":\"https:\/\/www.humbrall.com\/inicio\/\",\"name\":\"Humbrall\",\"description\":\"Conectando con visi\u00f3n las urbes del futuro\",\"potentialAction\":[{\"@type\":\"SearchAction\",\"target\":{\"@type\":\"EntryPoint\",\"urlTemplate\":\"https:\/\/www.humbrall.com\/inicio\/?s={search_term_string}\"},\"query-input\":\"required name=search_term_string\"}],\"inLanguage\":\"es\"}]}<\/script>\r\n<!-- \/ Yoast SEO plugin. -->","yoast_head_json":{"title":"Pol\u00edtica de Calidad - Humbrall","description":"Somos considerados una organizaci\u00f3n de referencia en los productos y servicios que fabricamos con excelencia, innovaci\u00f3n y mejora continua","robots":{"index":"index","follow":"follow","max-snippet":"max-snippet:-1","max-image-preview":"max-image-preview:large","max-video-preview":"max-video-preview:-1"},"canonical":"https:\/\/www.humbrall.com\/inicio\/index.php\/politica-de-calidad\/","og_locale":"es_ES","og_type":"article","og_title":"Pol\u00edtica de Calidad - Humbrall","og_description":"Somos considerados una organizaci\u00f3n de referencia en los productos y servicios que fabricamos con excelencia, innovaci\u00f3n y mejora continua","og_url":"https:\/\/www.humbrall.com\/inicio\/index.php\/politica-de-calidad\/","og_site_name":"Humbrall","article_modified_time":"2023-03-13T08:00:53+00:00","twitter_card":"summary_large_image","twitter_misc":{"Tiempo de lectura":"4 minutos"},"schema":{"@context":"https:\/\/schema.org","@graph":[{"@type":"WebPage","@id":"https:\/\/www.humbrall.com\/inicio\/index.php\/politica-de-calidad\/","url":"https:\/\/www.humbrall.com\/inicio\/index.php\/politica-de-calidad\/","name":"Pol\u00edtica de Calidad - Humbrall","isPartOf":{"@id":"https:\/\/www.humbrall.com\/inicio\/#website"},"datePublished":"2022-06-22T01:02:51+00:00","dateModified":"2023-03-13T08:00:53+00:00","description":"Somos considerados una organizaci\u00f3n de referencia en los productos y servicios que fabricamos con excelencia, innovaci\u00f3n y mejora continua","breadcrumb":{"@id":"https:\/\/www.humbrall.com\/inicio\/index.php\/politica-de-calidad\/#breadcrumb"},"inLanguage":"es","potentialAction":[{"@type":"ReadAction","target":["https:\/\/www.humbrall.com\/inicio\/index.php\/politica-de-calidad\/"]}]},{"@type":"BreadcrumbList","@id":"https:\/\/www.humbrall.com\/inicio\/index.php\/politica-de-calidad\/#breadcrumb","itemListElement":[{"@type":"ListItem","position":1,"name":"Portada","item":"https:\/\/www.humbrall.com\/inicio\/"},{"@type":"ListItem","position":2,"name":"Pol\u00edtica de Calidad"}]},{"@type":"WebSite","@id":"https:\/\/www.humbrall.com\/inicio\/#website","url":"https:\/\/www.humbrall.com\/inicio\/","name":"Humbrall","description":"Conectando con visi\u00f3n las urbes del futuro","potentialAction":[{"@type":"SearchAction","target":{"@type":"EntryPoint","urlTemplate":"https:\/\/www.humbrall.com\/inicio\/?s={search_term_string}"},"query-input":"required name=search_term_string"}],"inLanguage":"es"}]}},"_links":{"self":[{"href":"https:\/\/www.humbrall.com\/inicio\/index.php\/wp-json\/wp\/v2\/pages\/31034"}],"collection":[{"href":"https:\/\/www.humbrall.com\/inicio\/index.php\/wp-json\/wp\/v2\/pages"}],"about":[{"href":"https:\/\/www.humbrall.com\/inicio\/index.php\/wp-json\/wp\/v2\/types\/page"}],"author":[{"embeddable":true,"href":"https:\/\/www.humbrall.com\/inicio\/index.php\/wp-json\/wp\/v2\/users\/2"}],"replies":[{"embeddable":true,"href":"https:\/\/www.humbrall.com\/inicio\/index.php\/wp-json\/wp\/v2\/comments?post=31034"}],"version-history":[{"count":33,"href":"https:\/\/www.humbrall.com\/inicio\/index.php\/wp-json\/wp\/v2\/pages\/31034\/revisions"}],"predecessor-version":[{"id":31939,"href":"https:\/\/www.humbrall.com\/inicio\/index.php\/wp-json\/wp\/v2\/pages\/31034\/revisions\/31939"}],"wp:attachment":[{"href":"https:\/\/www.humbrall.com\/inicio\/index.php\/wp-json\/wp\/v2\/media?parent=31034"}],"curies":[{"name":"wp","href":"https:\/\/api.w.org\/{rel}","templated":true}]}}