{"id":554,"date":"2022-04-13T00:27:45","date_gmt":"2022-04-13T00:27:45","guid":{"rendered":"https:\/\/humbrall.com\/inicio\/?post_type=product&#038;p=554"},"modified":"2023-04-10T21:32:58","modified_gmt":"2023-04-10T21:32:58","slug":"abrazadera-tipo-v","status":"publish","type":"product","link":"https:\/\/www.humbrall.com\/inicio\/index.php\/producto\/abrazadera-tipo-v\/","title":{"rendered":"Abrazadera tipo \u00abV\u00bb"},"content":{"rendered":"<p>[et_pb_section fb_built=\u00bb1&#8243; _builder_version=\u00bb4.9.2&#8243; _module_preset=\u00bbdefault\u00bb background_color_gradient_start=\u00bb#083b56&#8243; background_color_gradient_end=\u00bb#0099dc\u00bb background_color_gradient_direction=\u00bb100deg\u00bb background_color_gradient_end_position=\u00bb68%\u00bb transform_scale=\u00bb125%|125%\u00bb width=\u00bb100%\u00bb width_tablet=\u00bb\u00bb width_phone=\u00bb\u00bb width_last_edited=\u00bbon|phone\u00bb max_width=\u00bb100%\u00bb max_width_tablet=\u00bb\u00bb max_width_phone=\u00bb\u00bb max_width_last_edited=\u00bbon|phone\u00bb height=\u00bb165px\u00bb custom_margin=\u00bb-41px||||false|false\u00bb bottom_divider_style=\u00bbramp2&#8243; bottom_divider_color=\u00bb#FFFFFF\u00bb bottom_divider_flip=\u00bbvertical\u00bb bottom_divider_style_tablet=\u00bb\u00bb bottom_divider_style_phone=\u00bb\u00bb bottom_divider_style_last_edited=\u00bbon|phone\u00bb background_color_gradient_end_tablet=\u00bb#0099dc\u00bb background_color_gradient_end_phone=\u00bb#0099dc\u00bb locked=\u00bboff\u00bb][et_pb_row _builder_version=\u00bb4.9.2&#8243; _module_preset=\u00bbdefault\u00bb][et_pb_column type=\u00bb4_4&#8243; _builder_version=\u00bb4.9.2&#8243; _module_preset=\u00bbdefault\u00bb][et_pb_text content_tablet=\u00bb<\/p>\n<h3><span style=%22color: #ffffff;%22><strong>Soluciones Planta <\/strong><\/span><span style=%22color: #ffffff;%22><strong>Externa<\/strong><\/span><\/h3>\n<p>\u00bb content_phone=\u00bb<\/p>\n<h3><span style=%22color: #ffffff;%22><strong>Soluciones Planta <\/strong><\/span><span style=%22color: #ffffff;%22><strong>Externa<\/strong><\/span><\/h3>\n<p>\u00bb content_last_edited=\u00bbon|desktop\u00bb _builder_version=\u00bb4.9.2&#8243; _module_preset=\u00bbdefault\u00bb text_font_size=\u00bb30px\u00bb custom_margin=\u00bb-30px|||-68px|false|false\u00bb custom_margin_tablet=\u00bb-55px|||-15px|false|false\u00bb custom_margin_phone=\u00bb-60px|||-7px|false|false\u00bb custom_margin_last_edited=\u00bbon|phone\u00bb text_font_size_tablet=\u00bb25px\u00bb text_font_size_phone=\u00bb\u00bb text_font_size_last_edited=\u00bbon|phone\u00bb]<\/p>\n<p><span style=\"color: #ffffff;\"><strong>Soluciones Planta Externa<\/strong><\/span><\/p>\n<p>[\/et_pb_text][\/et_pb_column][\/et_pb_row][\/et_pb_section][et_pb_section fb_built=\u00bb1&#8243; _builder_version=\u00bb4.9.2&#8243; use_background_color_gradient=\u00bboff\u00bb custom_margin=\u00bb50px||||false|false\u00bb custom_padding=\u00bb0px||||false|false\u00bb hover_enabled=\u00bb0&#8243; use_background_color_gradient_tablet=\u00bboff\u00bb use_background_color_gradient_phone=\u00bboff\u00bb sticky_enabled=\u00bb0&#8243; custom_margin_last_edited=\u00bbon|phone\u00bb custom_margin_phone=\u00bb80px||||false|false\u00bb][et_pb_row column_structure=\u00bb1_2,1_2&#8243; _builder_version=\u00bb4.9.2&#8243; background_size=\u00bbinitial\u00bb background_position=\u00bbtop_left\u00bb background_repeat=\u00bbrepeat\u00bb width=\u00bb100%\u00bb custom_margin=\u00bb||||false|false\u00bb custom_margin_tablet=\u00bb\u00bb custom_margin_phone=\u00bb-50px||||false|false\u00bb custom_margin_last_edited=\u00bbon|phone\u00bb custom_padding=\u00bb0px||||false|false\u00bb hover_enabled=\u00bb0&#8243; sticky_enabled=\u00bb0&#8243;][et_pb_column type=\u00bb1_2&#8243; _builder_version=\u00bb3.25&#8243; custom_padding=\u00bb|||\u00bb custom_padding__hover=\u00bb|||\u00bb][et_pb_wc_title _builder_version=\u00bb4.9.2&#8243; header_level=\u00bbh3&#8243; header_text_align=\u00bbcenter\u00bb header_font_size=\u00bb25px\u00bb background_last_edited=\u00bbon|desktop\u00bb][\/et_pb_wc_title][et_pb_wc_images show_sale_badge=\u00bboff\u00bb _builder_version=\u00bb4.9.2&#8243; transform_scale=\u00bb90%|90%\u00bb transform_scale_tablet=\u00bb\u00bb transform_scale_phone=\u00bb100%|100%\u00bb transform_scale_last_edited=\u00bbon|phone\u00bb transform_translate_tablet=\u00bb\u00bb transform_translate_phone=\u00bb\u00bb transform_translate_last_edited=\u00bbon|desktop\u00bb transform_rotate_tablet=\u00bb\u00bb transform_rotate_phone=\u00bb\u00bb transform_rotate_last_edited=\u00bbon|desktop\u00bb transform_skew_tablet=\u00bb\u00bb transform_skew_phone=\u00bb\u00bb transform_skew_last_edited=\u00bbon|desktop\u00bb transform_origin_tablet=\u00bb\u00bb transform_origin_phone=\u00bb\u00bb transform_origin_last_edited=\u00bbon|desktop\u00bb transform_styles_last_edited=\u00bbon|phone\u00bb animation_style=\u00bbfade\u00bb transform_styles_tablet=\u00bb\u00bb transform_styles_phone=\u00bb\u00bb][\/et_pb_wc_images][\/et_pb_column][et_pb_column type=\u00bb1_2&#8243; _builder_version=\u00bb3.25&#8243; custom_padding=\u00bb|||\u00bb custom_padding__hover=\u00bb|||\u00bb][et_pb_wc_description _builder_version=\u00bb4.9.2&#8243; body_font_size=\u00bb17px\u00bb text_orientation=\u00bbjustified\u00bb min_height=\u00bb52.6px\u00bb][\/et_pb_wc_description][et_pb_wc_rating _builder_version=\u00bb3.0.47&#8243; custom_padding=\u00bb||0px|||\u00bb][\/et_pb_wc_rating][et_pb_divider color=\u00bb#2b87da\u00bb color_tablet=\u00bb\u00bb color_phone=\u00bb\u00bb color_last_edited=\u00bbon|phone\u00bb _builder_version=\u00bb4.9.2&#8243; _module_preset=\u00bbdefault\u00bb custom_margin=\u00bb||-2px|||\u00bb custom_padding=\u00bb||0px|||\u00bb][\/et_pb_divider][et_pb_text _builder_version=\u00bb4.9.2&#8243; _module_preset=\u00bbdefault\u00bb]<\/p>\n<p>Categor\u00eda: <a href=\"https:\/\/www.humbrall.com\/inicio\/index.php\/soluciones-planta-externa\/\">Soluciones Planta Externa<\/a><\/p>\n<p>[\/et_pb_text][et_pb_toggle title=\u00bbVer Especificaciones\u00bb icon_color=\u00bb#083b56&#8243; use_icon_font_size=\u00bbon\u00bb icon_font_size=\u00bb30px\u00bb title_tablet=\u00bbVer Especificaciones\u00bb title_phone=\u00bbVer Especificaciones\u00bb title_last_edited=\u00bbon|phone\u00bb content_tablet=\u00bb<\/p>\n<div style=%22overflow-x: auto;%22>\n<table style=%22width: 100%; border-collapse: collapse; border-style: solid; border-color: #ffffff; background-color: #083b56; margin-left: auto; margin-right: auto; height: 96px;%22 border=%222%22>\n<caption> <\/caption>\n<tbody>\n<tr style=%22height: 24px;%22>\n<td style=%22height: 24px; text-align: center; width: 2.5%;%22><span style=%22color: #ffffff;%22>C\u00f3digo<\/span><\/td>\n<td style=%22text-align: center; width: 2.5%; height: 24px;%22><span style=%22color: #ffffff;%22>Especificaci\u00f3n<\/span><\/td>\n<td style=%22height: 24px; text-align: center; width: 5%;%22><span style=%22color: #ffffff;%22>Largo<\/span><br \/>\n<span style=%22color: #ffffff;%22>mm (pulg)<\/span><\/td>\n<td style=%22height: 24px; text-align: center; width: 5%;%22><span style=%22color: #ffffff;%22>Ancho<\/span><br \/>\n<span style=%22color: #ffffff;%22>mm (pulg)<\/span><\/td>\n<td style=%22height: 24px; text-align: center; width: 6%;%22><span style=%22color: #ffffff;%22>Di\u00e1metro \u00d8 del poste \u201cA\u201d<\/span><br \/>\n<span style=%22color: #ffffff;%22> mm (pulg)<\/span><\/td>\n<\/tr>\n<tr style=%22height: 24px; background-color: #12876f; text-align: center;%22>\n<td style=%22height: 24px; text-align: center; border-style: solid; border-color: #ffffff; background-color: #e5e4e4; width: 2.5%;%22>A13C00500<\/td>\n<td style=%22text-align: center; border-style: solid; border-color: #ffffff; background-color: #e5e4e4; width: 2.5%; height: 24px;%22>De suspensi\u00f3n tipo<br \/>\n\u201cV\u201d<\/td>\n<td style=%22height: 24px; border-style: solid; border-color: #ffffff; background-color: #e5e4e4; width: 5%;%22>298 (11.73)<\/td>\n<td style=%22height: 24px; border-style: solid; border-color: #ffffff; background-color: #e5e4e4; width: 5%;%22>194 (7.63)<\/td>\n<td style=%22height: 24px; border-style: solid; border-color: #ffffff; background-color: #e5e4e4; width: 6%;%22>203.2 \u00d8 (8\u201d)<\/td>\n<\/tr>\n<tr style=%22height: 24px;%22>\n<td style=%22height: 24px; text-align: center; border-style: solid; border-color: #ffffff; background-color: #e5e4e4; width: 2.5%;%22>A13C09100<\/td>\n<td style=%22text-align: center; border-style: solid; border-color: #ffffff; background-color: #e5e4e4; width: 2.5%; height: 24px;%22>De tensi\u00f3n tipo \u201cV\u201d<\/td>\n<td style=%22height: 24px; text-align: center; border-style: solid; border-color: #ffffff; background-color: #e5e4e4; width: 5%;%22>298 (11.73)<\/td>\n<td style=%22height: 24px; text-align: center; border-style: solid; border-color: #ffffff; background-color: #e5e4e4; width: 5%;%22>350 (13.77)<\/td>\n<td style=%22height: 24px; text-align: center; border-style: solid; border-color: #ffffff; background-color: #e5e4e4; width: 6%;%22>203.2 \u00d8 (8\u201d)<\/td>\n<\/tr>\n<\/tbody>\n<\/table>\n<\/div>\n<p>\u00bb content_phone=\u00bb<\/p>\n<div style=%22overflow-x: auto;%22>\n<table style=%22width: 100%; border-collapse: collapse; border-style: solid; border-color: #ffffff; background-color: #083b56; margin-left: auto; margin-right: auto; height: 96px;%22 border=%222%22>\n<caption><\/caption>\n<tbody>\n<tr style=%22height: 24px;%22>\n<td style=%22height: 24px; text-align: center; width: 2.5%;%22><span style=%22color: #ffffff;%22>C\u00f3digo<\/span><\/td>\n<td style=%22text-align: center; width: 2.5%; height: 24px;%22><span style=%22color: #ffffff;%22>Especificaci\u00f3n<\/span><\/td>\n<td style=%22height: 24px; text-align: center; width: 5%;%22><span style=%22color: #ffffff;%22>Largo<\/span><br \/><span style=%22color: #ffffff;%22>mm (pulg)<\/span><\/td>\n<td style=%22height: 24px; text-align: center; width: 5%;%22><span style=%22color: #ffffff;%22>Ancho<\/span><br \/><span style=%22color: #ffffff;%22>mm (pulg)<\/span><\/td>\n<td style=%22height: 24px; text-align: center; width: 6%;%22><span style=%22color: #ffffff;%22>Di\u00e1metro \u00d8 del poste \u201cA\u201d<\/span><br \/><span style=%22color: #ffffff;%22> mm (pulg)<\/span><\/td>\n<\/tr>\n<tr style=%22height: 24px; background-color: #12876f; text-align: center;%22>\n<td style=%22height: 24px; text-align: center; border-style: solid; border-color: #ffffff; background-color: #e5e4e4; width: 2.5%;%22>A13C00500<\/td>\n<td style=%22text-align: center; border-style: solid; border-color: #ffffff; background-color: #e5e4e4; width: 2.5%; height: 24px;%22>De suspensi\u00f3n tipo<br \/>\u201cV\u201d<\/td>\n<td style=%22height: 24px; border-style: solid; border-color: #ffffff; background-color: #e5e4e4; width: 5%;%22>298 (11.73)<\/td>\n<td style=%22height: 24px; border-style: solid; border-color: #ffffff; background-color: #e5e4e4; width: 5%;%22>194 (7.63)<\/td>\n<td style=%22height: 24px; border-style: solid; border-color: #ffffff; background-color: #e5e4e4; width: 6%;%22>203.2 \u00d8 (8\u201d)<\/td>\n<\/tr>\n<tr style=%22height: 24px;%22>\n<td style=%22height: 24px; text-align: center; border-style: solid; border-color: #ffffff; background-color: #e5e4e4; width: 2.5%;%22>A13C09100<\/td>\n<td style=%22text-align: center; border-style: solid; border-color: #ffffff; background-color: #e5e4e4; width: 2.5%; height: 24px;%22>De tensi\u00f3n tipo \u201cV\u201d<\/td>\n<td style=%22height: 24px; text-align: center; border-style: solid; border-color: #ffffff; background-color: #e5e4e4; width: 5%;%22>298 (11.73)<\/td>\n<td style=%22height: 24px; text-align: center; border-style: solid; border-color: #ffffff; background-color: #e5e4e4; width: 5%;%22>350 (13.77)<\/td>\n<td style=%22height: 24px; text-align: center; border-style: solid; border-color: #ffffff; background-color: #e5e4e4; width: 6%;%22>203.2 \u00d8 (8\u201d)<\/td>\n<\/tr>\n<\/tbody>\n<\/table>\n<\/div>\n<p>\u00bb content_last_edited=\u00bbon|phone\u00bb icon_color_tablet=\u00bb\u00bb icon_color_phone=\u00bb#083b56&#8243; icon_color_last_edited=\u00bbon|desktop\u00bb icon_font_size_tablet=\u00bb\u00bb icon_font_size_phone=\u00bb\u00bb icon_font_size_last_edited=\u00bbon|desktop\u00bb _builder_version=\u00bb4.9.2&#8243; _module_preset=\u00bbdefault\u00bb title_font=\u00bb|600|||||||\u00bb custom_margin=\u00bb||38px|||\u00bb]<\/p>\n<div style=\"overflow-x: auto;\">\n<table style=\"width: 100%; border-collapse: collapse; border-style: solid; border-color: #ffffff; background-color: #083b56; margin-left: auto; margin-right: auto; height: 96px;\" border=\"2\">\n<caption>\u00a0<\/caption>\n<tbody>\n<tr style=\"height: 24px;\">\n<td style=\"height: 24px; text-align: center; width: 2.5%;\"><span style=\"color: #ffffff;\">C\u00f3digo<\/span><\/td>\n<td style=\"text-align: center; width: 2.5%; height: 24px;\"><span style=\"color: #ffffff;\">Especificaci\u00f3n<\/span><\/td>\n<td style=\"height: 24px; text-align: center; width: 5%;\"><span style=\"color: #ffffff;\">Largo<\/span><br \/><span style=\"color: #ffffff;\">mm (pulg)<\/span><\/td>\n<td style=\"height: 24px; text-align: center; width: 5%;\"><span style=\"color: #ffffff;\">Ancho<\/span><br \/><span style=\"color: #ffffff;\">mm (pulg)<\/span><\/td>\n<td style=\"height: 24px; text-align: center; width: 6%;\"><span style=\"color: #ffffff;\">Di\u00e1metro \u00d8 del poste \u201cA\u201d<\/span><br \/><span style=\"color: #ffffff;\">\u00a0mm (pulg)<\/span><\/td>\n<\/tr>\n<tr style=\"height: 24px; background-color: #12876f; text-align: center;\">\n<td style=\"height: 24px; text-align: center; border-style: solid; border-color: #ffffff; background-color: #e5e4e4; width: 2.5%;\">A13C00500<\/td>\n<td style=\"text-align: center; border-style: solid; border-color: #ffffff; background-color: #e5e4e4; width: 2.5%; height: 24px;\">De suspensi\u00f3n tipo<br \/>\u201cV\u201d<\/td>\n<td style=\"height: 24px; border-style: solid; border-color: #ffffff; background-color: #e5e4e4; width: 5%;\">298 (11.73)<\/td>\n<td style=\"height: 24px; border-style: solid; border-color: #ffffff; background-color: #e5e4e4; width: 5%;\">194 (7.63)<\/td>\n<td style=\"height: 24px; border-style: solid; border-color: #ffffff; background-color: #e5e4e4; width: 6%;\">203.2 \u00d8 (8\u201d)<\/td>\n<\/tr>\n<tr style=\"height: 24px;\">\n<td style=\"height: 24px; text-align: center; border-style: solid; border-color: #ffffff; background-color: #e5e4e4; width: 2.5%;\">A13C09100<\/td>\n<td style=\"text-align: center; border-style: solid; border-color: #ffffff; background-color: #e5e4e4; width: 2.5%; height: 24px;\">De tensi\u00f3n tipo \u201cV\u201d<\/td>\n<td style=\"height: 24px; text-align: center; border-style: solid; border-color: #ffffff; background-color: #e5e4e4; width: 5%;\">298 (11.73)<\/td>\n<td style=\"height: 24px; text-align: center; border-style: solid; border-color: #ffffff; background-color: #e5e4e4; width: 5%;\">350 (13.77)<\/td>\n<td style=\"height: 24px; text-align: center; border-style: solid; border-color: #ffffff; background-color: #e5e4e4; width: 6%;\">203.2 \u00d8 (8\u201d)<\/td>\n<\/tr>\n<\/tbody>\n<\/table>\n<\/div>\n<p>[\/et_pb_toggle][et_pb_button button_url=\u00bbhttps:\/\/www.humbrall.com\/inicio\/index.php\/soluciones-planta-externa\/\u00bb button_text=\u00bbRegresar\u00bb button_text_tablet=\u00bbRegresar\u00bb button_text_phone=\u00bbRegresar\u00bb button_text_last_edited=\u00bbon|phone\u00bb _builder_version=\u00bb4.9.2&#8243; _module_preset=\u00bbdefault\u00bb custom_button=\u00bbon\u00bb button_text_size=\u00bb16px\u00bb button_text_color=\u00bb#FFFFFF\u00bb button_bg_color=\u00bb#083b56&#8243; button_border_width=\u00bb0px\u00bb button_border_radius=\u00bb6px\u00bb button_icon=\u00bb%%35%%\u00bb button_icon_color=\u00bb#FFFFFF\u00bb button_bg_color_tablet=\u00bb\u00bb button_bg_color_phone=\u00bb\u00bb button_bg_color_last_edited=\u00bbon|phone\u00bb button_icon_tablet=\u00bb%%35%%\u00bb button_icon_phone=\u00bb%%35%%\u00bb button_icon_last_edited=\u00bbon|phone\u00bb locked=\u00bboff\u00bb][\/et_pb_button][et_pb_button button_url=\u00bbhttps:\/\/api.whatsapp.com\/send?phone=+525534333115&#038;text=Me%20interesa%20este%20producto!%20%20%20https:\/\/www.humbrall.com\/inicio\/index.php\/producto\/abrazadera-tipo-v\/\u00bb button_text=\u00bbCotizar\u00bb button_text_tablet=\u00bbCotizar\u00bb button_text_phone=\u00bbCotizar\u00bb button_text_last_edited=\u00bbon|phone\u00bb _builder_version=\u00bb4.9.2&#8243; _module_preset=\u00bbdefault\u00bb custom_button=\u00bbon\u00bb button_text_size=\u00bb16px\u00bb button_text_color=\u00bb#FFFFFF\u00bb button_bg_color=\u00bb#0099dc\u00bb button_bg_color_gradient_start=\u00bb#005682&#8243; button_bg_color_gradient_end=\u00bb#00d2f7&#8243; button_bg_color_gradient_direction=\u00bb64deg\u00bb button_border_width=\u00bb0px\u00bb button_font=\u00bb|600|||||||\u00bb button_icon=\u00bb%%194%%\u00bb button_icon_color=\u00bbRGBA(0,0,0,0)\u00bb button_text_color_tablet=\u00bb#FFFFFF\u00bb button_text_color_phone=\u00bb#FFFFFF\u00bb button_text_color_last_edited=\u00bbon|phone\u00bb button_bg_color_tablet=\u00bb#0099dc\u00bb button_bg_color_phone=\u00bb#0099dc\u00bb button_bg_color_last_edited=\u00bbon|phone\u00bb button_bg_enable_color_tablet=\u00bbon\u00bb button_bg_enable_color_phone=\u00bbon\u00bb button_bg_use_color_gradient_tablet=\u00bboff\u00bb button_bg_use_color_gradient_phone=\u00bboff\u00bb button_bg_color_gradient_end_tablet=\u00bb#00d2f7&#8243; button_bg_color_gradient_end_phone=\u00bb#00d2f7&#8243; locked=\u00bboff\u00bb][\/et_pb_button][\/et_pb_column][\/et_pb_row][et_pb_row _builder_version=\u00bb4.9.2&#8243; _module_preset=\u00bbdefault\u00bb width=\u00bb100%\u00bb width_tablet=\u00bb\u00bb width_phone=\u00bb100%\u00bb width_last_edited=\u00bbon|phone\u00bb locked=\u00bboff\u00bb collapsed=\u00bboff\u00bb][et_pb_column type=\u00bb4_4&#8243; _builder_version=\u00bb4.9.2&#8243; _module_preset=\u00bbdefault\u00bb][et_pb_divider divider_weight=\u00bb2px\u00bb _builder_version=\u00bb4.9.2&#8243; _module_preset=\u00bbdefault\u00bb custom_margin=\u00bb||1px|||\u00bb][\/et_pb_divider][et_pb_wc_upsells posts_number=\u00bb6&#8243; columns_number=\u00bb6&#8243; orderby=\u00bbmenu_order\u00bb _builder_version=\u00bb4.9.2&#8243;][\/et_pb_wc_upsells][et_pb_wc_related_products posts_number=\u00bb6&#8243; columns_number=\u00bb6&#8243; orderby=\u00bbmenu_order\u00bb icon_hover_color=\u00bbrgba(255,255,255,0.45)\u00bb hover_overlay_color=\u00bbrgba(0,0,0,0.23)\u00bb hover_icon=\u00bb%%200%%\u00bb icon_hover_color_tablet=\u00bbrgba(255,255,255,0.45)\u00bb icon_hover_color_phone=\u00bbrgba(255,255,255,0.45)\u00bb icon_hover_color_last_edited=\u00bbon|phone\u00bb hover_overlay_color_tablet=\u00bbrgba(0,0,0,0.23)\u00bb hover_overlay_color_phone=\u00bbrgba(0,0,0,0.23)\u00bb hover_overlay_color_last_edited=\u00bbon|desktop\u00bb hover_icon_tablet=\u00bb%%200%%\u00bb hover_icon_phone=\u00bb%%200%%\u00bb hover_icon_last_edited=\u00bbon|phone\u00bb admin_label=\u00bbWoo Producto relacionado\u00bb _builder_version=\u00bb4.9.2&#8243; title_font_size=\u00bb20px\u00bb product_title_text_align=\u00bbcenter\u00bb product_title_font_size=\u00bb16px\u00bb custom_margin=\u00bb-14px|||||\u00bb][\/et_pb_wc_related_products][\/et_pb_column][\/et_pb_row][\/et_pb_section]<\/p>\n","protected":false},"excerpt":{"rendered":"<ul>\n<li>Se utiliza en los postes para fijar cualquier herraje de suspensi\u00f3n o tensi\u00f3n para los tendidos a\u00e9reo<\/li>\n<li>Se compone de 2 piezas de acero con acabado galvanizado por inmersi\u00f3n en caliente<\/li>\n<li>Toda la torniller\u00eda que utiliza la abrazadera, es con acabado galvanizado por inmersi\u00f3n en caliente<\/li>\n<li>Es de f\u00e1cil instalaci\u00f3n, ya que no utiliza herramienta especial para su instalaci\u00f3n<\/li>\n<li>Se puede instalar en cualquier di\u00e1metro de poste ya sea tronco c\u00f3nico o de concreto menor a 8&#8243;<\/li>\n<\/ul>\n","protected":false},"featured_media":986,"comment_status":"open","ping_status":"closed","template":"","meta":{"_et_pb_use_builder":"on","_et_pb_old_content":"","_et_gb_content_width":""},"product_cat":[29],"product_tag":[],"yoast_head":"<!-- This site is optimized with the Yoast SEO plugin v20.5 - https:\/\/yoast.com\/wordpress\/plugins\/seo\/ -->\r\n<title>Abrazadera tipo &quot;V&quot; - Humbrall<\/title>\r\n<meta name=\"description\" content=\"De acero galvanizado por inmersi\u00f3n en caliente, compuesto de 2 piezas y 2 tornillos ajustables al di\u00e1metro del poste.\" \/>\r\n<meta name=\"robots\" content=\"index, follow, max-snippet:-1, max-image-preview:large, max-video-preview:-1\" \/>\r\n<link rel=\"canonical\" href=\"https:\/\/www.humbrall.com\/inicio\/index.php\/producto\/abrazadera-tipo-v\/\" \/>\r\n<meta property=\"og:locale\" content=\"es_ES\" \/>\r\n<meta property=\"og:type\" content=\"article\" \/>\r\n<meta property=\"og:title\" content=\"Abrazadera tipo &quot;V&quot; - Humbrall\" \/>\r\n<meta property=\"og:description\" content=\"De acero galvanizado por inmersi\u00f3n en caliente, compuesto de 2 piezas y 2 tornillos ajustables al di\u00e1metro del poste.\" \/>\r\n<meta property=\"og:url\" content=\"https:\/\/www.humbrall.com\/inicio\/index.php\/producto\/abrazadera-tipo-v\/\" \/>\r\n<meta property=\"og:site_name\" content=\"Humbrall\" \/>\r\n<meta property=\"article:modified_time\" content=\"2023-04-10T21:32:58+00:00\" \/>\r\n<meta property=\"og:image\" content=\"https:\/\/www.humbrall.com\/inicio\/wp-content\/uploads\/2022\/04\/Abrazadera-tipo-V-2.jpg\" \/>\r\n\t<meta property=\"og:image:width\" content=\"650\" \/>\r\n\t<meta property=\"og:image:height\" content=\"650\" \/>\r\n\t<meta property=\"og:image:type\" content=\"image\/jpeg\" \/>\r\n<meta name=\"twitter:card\" content=\"summary_large_image\" \/>\r\n<meta name=\"twitter:label1\" content=\"Tiempo de lectura\" \/>\n\t<meta name=\"twitter:data1\" content=\"6 minutos\" \/>\r\n<script type=\"application\/ld+json\" class=\"yoast-schema-graph\">{\"@context\":\"https:\/\/schema.org\",\"@graph\":[{\"@type\":\"WebPage\",\"@id\":\"https:\/\/www.humbrall.com\/inicio\/index.php\/producto\/abrazadera-tipo-v\/\",\"url\":\"https:\/\/www.humbrall.com\/inicio\/index.php\/producto\/abrazadera-tipo-v\/\",\"name\":\"Abrazadera tipo \\\"V\\\" - Humbrall\",\"isPartOf\":{\"@id\":\"https:\/\/www.humbrall.com\/inicio\/#website\"},\"datePublished\":\"2022-04-13T00:27:45+00:00\",\"dateModified\":\"2023-04-10T21:32:58+00:00\",\"description\":\"De acero galvanizado por inmersi\u00f3n en caliente, compuesto de 2 piezas y 2 tornillos ajustables al di\u00e1metro del poste.\",\"breadcrumb\":{\"@id\":\"https:\/\/www.humbrall.com\/inicio\/index.php\/producto\/abrazadera-tipo-v\/#breadcrumb\"},\"inLanguage\":\"es\",\"potentialAction\":[{\"@type\":\"ReadAction\",\"target\":[\"https:\/\/www.humbrall.com\/inicio\/index.php\/producto\/abrazadera-tipo-v\/\"]}]},{\"@type\":\"BreadcrumbList\",\"@id\":\"https:\/\/www.humbrall.com\/inicio\/index.php\/producto\/abrazadera-tipo-v\/#breadcrumb\",\"itemListElement\":[{\"@type\":\"ListItem\",\"position\":1,\"name\":\"Portada\",\"item\":\"https:\/\/www.humbrall.com\/inicio\/\"},{\"@type\":\"ListItem\",\"position\":2,\"name\":\"Productos\",\"item\":\"https:\/\/www.humbrall.com\/inicio\/index.php\/shop\/\"},{\"@type\":\"ListItem\",\"position\":3,\"name\":\"Abrazadera tipo \u00abV\u00bb\"}]},{\"@type\":\"WebSite\",\"@id\":\"https:\/\/www.humbrall.com\/inicio\/#website\",\"url\":\"https:\/\/www.humbrall.com\/inicio\/\",\"name\":\"Humbrall\",\"description\":\"Conectando con visi\u00f3n las urbes del futuro\",\"potentialAction\":[{\"@type\":\"SearchAction\",\"target\":{\"@type\":\"EntryPoint\",\"urlTemplate\":\"https:\/\/www.humbrall.com\/inicio\/?s={search_term_string}\"},\"query-input\":\"required name=search_term_string\"}],\"inLanguage\":\"es\"}]}<\/script>\r\n<!-- \/ Yoast SEO plugin. -->","yoast_head_json":{"title":"Abrazadera tipo \"V\" - Humbrall","description":"De acero galvanizado por inmersi\u00f3n en caliente, compuesto de 2 piezas y 2 tornillos ajustables al di\u00e1metro del poste.","robots":{"index":"index","follow":"follow","max-snippet":"max-snippet:-1","max-image-preview":"max-image-preview:large","max-video-preview":"max-video-preview:-1"},"canonical":"https:\/\/www.humbrall.com\/inicio\/index.php\/producto\/abrazadera-tipo-v\/","og_locale":"es_ES","og_type":"article","og_title":"Abrazadera tipo \"V\" - Humbrall","og_description":"De acero galvanizado por inmersi\u00f3n en caliente, compuesto de 2 piezas y 2 tornillos ajustables al di\u00e1metro del poste.","og_url":"https:\/\/www.humbrall.com\/inicio\/index.php\/producto\/abrazadera-tipo-v\/","og_site_name":"Humbrall","article_modified_time":"2023-04-10T21:32:58+00:00","og_image":[{"width":650,"height":650,"url":"https:\/\/www.humbrall.com\/inicio\/wp-content\/uploads\/2022\/04\/Abrazadera-tipo-V-2.jpg","type":"image\/jpeg"}],"twitter_card":"summary_large_image","twitter_misc":{"Tiempo de lectura":"6 minutos"},"schema":{"@context":"https:\/\/schema.org","@graph":[{"@type":"WebPage","@id":"https:\/\/www.humbrall.com\/inicio\/index.php\/producto\/abrazadera-tipo-v\/","url":"https:\/\/www.humbrall.com\/inicio\/index.php\/producto\/abrazadera-tipo-v\/","name":"Abrazadera tipo \"V\" - Humbrall","isPartOf":{"@id":"https:\/\/www.humbrall.com\/inicio\/#website"},"datePublished":"2022-04-13T00:27:45+00:00","dateModified":"2023-04-10T21:32:58+00:00","description":"De acero galvanizado por inmersi\u00f3n en caliente, compuesto de 2 piezas y 2 tornillos ajustables al di\u00e1metro del poste.","breadcrumb":{"@id":"https:\/\/www.humbrall.com\/inicio\/index.php\/producto\/abrazadera-tipo-v\/#breadcrumb"},"inLanguage":"es","potentialAction":[{"@type":"ReadAction","target":["https:\/\/www.humbrall.com\/inicio\/index.php\/producto\/abrazadera-tipo-v\/"]}]},{"@type":"BreadcrumbList","@id":"https:\/\/www.humbrall.com\/inicio\/index.php\/producto\/abrazadera-tipo-v\/#breadcrumb","itemListElement":[{"@type":"ListItem","position":1,"name":"Portada","item":"https:\/\/www.humbrall.com\/inicio\/"},{"@type":"ListItem","position":2,"name":"Productos","item":"https:\/\/www.humbrall.com\/inicio\/index.php\/shop\/"},{"@type":"ListItem","position":3,"name":"Abrazadera tipo \u00abV\u00bb"}]},{"@type":"WebSite","@id":"https:\/\/www.humbrall.com\/inicio\/#website","url":"https:\/\/www.humbrall.com\/inicio\/","name":"Humbrall","description":"Conectando con visi\u00f3n las urbes del futuro","potentialAction":[{"@type":"SearchAction","target":{"@type":"EntryPoint","urlTemplate":"https:\/\/www.humbrall.com\/inicio\/?s={search_term_string}"},"query-input":"required name=search_term_string"}],"inLanguage":"es"}]}},"_links":{"self":[{"href":"https:\/\/www.humbrall.com\/inicio\/index.php\/wp-json\/wp\/v2\/product\/554"}],"collection":[{"href":"https:\/\/www.humbrall.com\/inicio\/index.php\/wp-json\/wp\/v2\/product"}],"about":[{"href":"https:\/\/www.humbrall.com\/inicio\/index.php\/wp-json\/wp\/v2\/types\/product"}],"replies":[{"embeddable":true,"href":"https:\/\/www.humbrall.com\/inicio\/index.php\/wp-json\/wp\/v2\/comments?post=554"}],"wp:featuredmedia":[{"embeddable":true,"href":"https:\/\/www.humbrall.com\/inicio\/index.php\/wp-json\/wp\/v2\/media\/986"}],"wp:attachment":[{"href":"https:\/\/www.humbrall.com\/inicio\/index.php\/wp-json\/wp\/v2\/media?parent=554"}],"wp:term":[{"taxonomy":"product_cat","embeddable":true,"href":"https:\/\/www.humbrall.com\/inicio\/index.php\/wp-json\/wp\/v2\/product_cat?post=554"},{"taxonomy":"product_tag","embeddable":true,"href":"https:\/\/www.humbrall.com\/inicio\/index.php\/wp-json\/wp\/v2\/product_tag?post=554"}],"curies":[{"name":"wp","href":"https:\/\/api.w.org\/{rel}","templated":true}]}}